ulate n(i).
5
Suppose -10 = -5*r + 10. Let d(q) = -q. Let h be d(r). Let x(l) = 3*l**2 + 4*l - 6. Let w(c) = -4*c**2 - 4*c + 7. Let g(f) = -2*w(f) - 3*x(f). Give g(h).
4
Let r(l) = 2*l**2 - 7*l**2 - 2 + 1 + 2*l. Calculate r(1).
-4
Let y(v) be the third derivative of -v**5/60 - 3*v**4/8 - 2*v**3 - 7*v**2. Give y(-8).
-4
Suppose 3*q = 6, 2*d - q + 6 = -4. Let p(h) = -h - 1. Let w(j) = 1 + 25*j - 1 - 28*j - 5. Let s(l) = -2*p(l) + w(l). Give s(d).
1
Let f be (7 - 5 - (-2)/(-2))*-1. Let x(a) = -2*a**3 - a**2. Determine x(f).
1
Let i(w) = -7*w**2 + 9. Let u(o) = -13*o**2 + o + 17. Let y(n) = 11*i(n) - 6*u(n). Let b(x) = -x**3 + 4*x**2 + 5. Let f be b(4). Calculate y(f).
-8
Let c = -15 - -38. Suppose 5*g + 7 + c = 0. Let l(n) = -n + 2. Determine l(g).
8
Let t(k) = k**2 + 7*k + 3. Let y be t(-7). Let s(r) = 2*r - 6*r - r + r - y. Determine s(-2).
5
Let n(t) = -3*t - 2. Let o(x) = -7*x - 5. Let w(v) = v**3 - 6*v**2 - 2*v + 3. Let m be w(6). Let c(b) = m*n(b) + 4*o(b). Calculate c(5).
-7
Let n(w) = -3*w. Suppose -y = 1 - 4. Suppose -2*f - 12 = -2*u, -u - 7 = -y*u + f. Determine n(u).
-3
Let t(s) be the first derivative of -1 + 2*s**2 + s - 1/3*s**3. Suppose 2 = 3*a - 4*v + 9, 0 = -a - 5*v + 23. Calculate t(a).
4
Let m(u) = -19*u - 3. Let f(r) = -36*r - 5. Let o(i) = -4*f(i) + 7*m(i). Calculate o(-2).
-23
Let h(u) be the third derivative of u**5/60 - u**4/6 - u**3/2 + 6*u**2. Calculate h(4).
-3
Let b(l) = -2*l + 5 - 4 + l. Let k = 1 - -2. Calculate b(k).
-2
Let t(b) = 0*b + b + 0*b. Let p(i) = -2*i + 7. Let m(g) = -p(g) - 3*t(g). Calculate m(-4).
-3
Let c(s) = 2*s + s**2 - 1 - 4*s - 1. Suppose b = 3*b - 4. Let w be 1 + 1 + 2/b. Calculate c(w).
1
Let h(j) be the third derivative of j**5/60 - 7*j**4/24 + 3*j**3/2 + 17*j**2. Determine h(6).
3
Let u(o) = 7*o**2 + 17*o + 5. Let s(b) = 6*b**2 - 2*b + 1. Let y be s(1). Let k(z) = -11*z**2 - 26*z - 8. Let m(w) = y*k(w) + 8*u(w). What is m(-6)?
0
Let l(t) = -t + 1. Let y(m) = -10*m**2 + 7*m - 7. Let x(k) = 6*l(k) + y(k). Let w(h) = h**2 + 7*h + 1. Let s be w(-7). Determine x(s).
-10
Let x(a) = 238*a - 117*a - a**2 + 4 - 120*a. Calculate x(0).
4
Let q(t) = -t**2 + 5*t - 3. Suppose c - 5 = -1. Let h be q(c). Let m(b) be the third derivative of -b**4/8 + b**2. What is m(h)?
-3
Let n(k) = -k**2 - 3*k. Let o(b) = -b - 9. Let u be o(-5). Calculate n(u).
-4
Let g(d) = d**2 + d + 1. Suppose -3*p - 1 - 5 = 0. Let u(w) = 2*w**2 + 3*w + 3. Let o(h) = p*u(h) + 5*g(h). Let s = 2 - 2. Give o(s).
-1
Let d(s) = s**2 - 2*s - 2. Let f(q) = -3*q - 13. Let m be f(-6). Determine d(m).
13
Let m(r) be the first derivative of -r**2/2 - 1. Let d(c) = c**2 - 6*c - 3. Let t be d(6). Let l be (t/2)/((-6)/8). Determine m(l).
-2
Suppose 0 = 5*l - 5, -4*j + 8*j + 13 = -3*l. Let p(t) = t + 2. Let b(u) = 8*u + 16. Let q(c) = 6*b(c) - 51*p(c). Calculate q(j).
6
Let z be ((-10)/3)/(12/(-18)). Suppose -21 = -z*s - 6, 2*s = y + 5. Let v(o) = 10*o - 1. Let g(c) = 11*c - 1. Let n(l) = -3*g(l) + 4*v(l). Calculate n(y).
6
Let f(r) be the second derivative of 7*r**5/120 + r**4/12 + r**3/3 - 3*r. Let c(o) be the second derivative of f(o). Give c(-2).
-12
Let x be (8/4)/(2/(-4)). Let u(l) be the second derivative of l**5/60 + l**4/6 + l**3 + l**2 - 2*l. Let b(a) be the first derivative of u(a). Give b(x).
6
Let p(o) = 3*o**2 + 1 - 3 - 6*o - 2*o**2. Let n(d) = d**3 + 6*d**2 - 9*d - 9. Let y = 11 + -18. Let h be n(y). Determine p(h).
-7
Let y(v) = 3*v - 7*v + 5*v. Calculate y(-1).
-1
Let f(p) = 4*p - 4 + 3*p - 44*p**2 + 2*p**3 + 37*p**2 - p**3. Give f(6).
2
Suppose -3 = 3*o + 9, -a - 5*o = 18. Let z(b) = 12*b**2 + b**2 - 2*b**a. Calculate z(1).
11
Let h(b) = -1 - b**2 - 2*b**3 + 3*b**2 + 2*b + 0*b**2. Let r(c) = -3*c**3 + 2*c**2 + 3*c - 1. Let g(f) = -4*h(f) + 3*r(f). Give g(-2).
-1
Let c(t) = -5*t**3 - t**2 + t - 2. Let j(y) = -2*y - 10. Let o be j(-4). Give c(o).
32
Let c = 0 - -2. Let w be 0 - (c + -2) - -2. Let u(a) = -3*a**2 + 1 - a**w + 0*a**2. Give u(-1).
-3
Let c(w) = -1 - 5 + w - 4*w. Let b be c(-4). Let g be ((-4)/b)/(6/(-45)). Let t(k) = k - 12. What is t(g)?
-7
Let g(y) = -9*y**2 + 2*y - 1. Suppose -5*m = -2 - 8. Suppose -6*i + m*i - 6 = 5*p, 4*i - 4*p - 12 = 0. Give g(i).
-8
Let o(x) be the first derivative of -x**3/3 - 2*x**2 + 7*x - 3. Let i be (2 - -1) + 2 + 0. Let m(y) = -y - 1. Let r be m(i). What is o(r)?
-5
Suppose 6*j - 5 = j. Let k(p) = 4*p - 2*p - 3 - j. Suppose 5*v - 15 = 3*n, 4*v - 12 = 4*n - 2*n. Give k(v).
2
Let f(u) = -u**2 - u + 6. Suppose -14 = -3*y + 1. Let v be (-1)/y - (-1)/5. Give f(v).
6
Let x(f) = -4*f + 7*f - 7 - f. Let n be x(6). Let m(d) = -d**3 - d**2 + d - 1. Let u(t) = -7*t**3 + 4*t - 12. Let c(b) = -6*m(b) + u(b). Calculate c(n).
9
Let n(a) = 5*a + 4 + 6*a - a**2 - 10*a. Determine n(3).
-2
Let n(s) = 5*s. Let o(b) = -6*b. Let c(m) = 3*n(m) + 2*o(m). Give c(4).
12
Let p(x) = x - 1. Let c(u) = -11*u**3 + 2*u**2 + 7. Let r(l) = -c(l) - 3*p(l). Let h(q) = -5*q**3 + q**2 + q + 2. Let t(k) = 9*h(k) + 4*r(k). Calculate t(2).
-8
Let r(y) be the second derivative of -y**4/12 - 5*y**3/6 - 2*y**2 - 19*y. Calculate r(-8).
-28
Let g = 25 + -24. Let n(j) = j - 1. Calculate n(g).
0
Let o(n) = n**2 + 9*n + 3. Let m be o(-8). Let u(d) = 6 - 4*d + d**3 - 2 - d**2 + 0 + 5*d**2. What is u(m)?
-1
Let i be (-13)/6 - 29/(-174). Suppose 4*d + 2 = -2. Let z(l) = 2*l**2 + 3*l + 1. Let b(g) = g**3. Let t(o) = d*b(o) - z(o). Calculate t(i).
5
Let b be (-1)/1 - 1 - -2. Suppose 1 = -3*y + 7. Let r(o) = -o - 3 + y*o - 2. Determine r(b).
-5
Let q(y) be the second derivative of y**3/6 + 4*y**2 - 31*y. Calculate q(-6).
2
Let w(y) = -3*y - 5. Let m(u) = u + 4. Let n be m(-9). What is w(n)?
10
Let w(r) be the second derivative of 0 + 1/24*r**4 + 0*r**2 + 2*r - 1/2*r**3 + 1/120*r**5. Let b(z) be the second derivative of w(z). Determine b(-1).
0
Let h(s) be the second derivative of 0 - 4*s + 1/6*s**3 + s**2. Suppose 0 = 2*q - 5*f + f - 10, 0 = -f - 5. Give h(q).
-3
Let q(r) = -r**3 - 2*r**2 + 2*r + 1. Let x be (12/(-10))/(4/(-10)). Let k(s) = 0*s + 2 - 2*s + 1. Let p be k(x). Determine q(p).
4
Let l(p) = 4 - p**2 - 3 + 2*p - 4*p + p**3. Let h be (-3)/4 - 35/28. Give l(h).
-7
Let m = 1 - -6. Let y(q) = -q**2 + q + 2*q - m*q + 0*q**2 + 1. Let j = -2 + -2. Determine y(j).
1
Let g be (1 - 5)/((-1)/7). Suppose -g = 3*i - 4. Let a = i - -13. Let l(u) = u**3 - 4*u**2 - 5*u - 1. Give l(a).
-1
Suppose 17 = -2*b - 2*v - 3*v, v - 11 = -4*b. Let u be b/(-14) + (-32)/(-14). Let r = u + -3. Let h(p) = 2*p - 1. Calculate h(r).
-3
Let p(a) = a**3 - 8*a**2 + 8*a - 6. Let f be p(7). Let x(h) be the second derivative of -h**3/6 + h**2/2 + h. Determine x(f).
0
Let g(m) = 71 + 9*m - 69 - m**2 - 3*m. Give g(6).
2
Let z be (-12)/18 + (-8)/6. Let d(m) = m**3 + m**2 - 2. Calculate d(z).
-6
Let p = 9 - 8. Suppose -p = h - 3. Let z(x) = -x**2 + 3*x - 3. Determine z(h).
-1
Let m(w) = -3 + 3*w + 0 + w. Let z(p) = 9*p - 6. Let r(a) = -7*m(a) + 3*z(a). Let t(h) = -h + 11. Let y be t(8). What is r(y)?
0
Let n(o) = o**2 - 3*o - 7. Let z be n(5). Let s(f) = 3 + 6 - 4*f - 4*f**2 + f**3 - z. What is s(4)?
-10
Suppose 2*h - 8 + 0 = 0. Let g(m) = 1 - 2*m**2 + m + 5*m**2 + 2*m - h*m. Calculate g(1).
3
Let o be -3*5/30*-6. Let b(h) be the first derivative of h**2 - h + 2. Calculate b(o).
5
Let m(o) = -o - 1. Let s(y) = -3 + 7 + 3 - y. Let p be s(-7). Suppose 0 = 4*n + x + 4 + 7, 3*n - 5*x + p = 0. Determine m(n).
2
Suppose 0 = -3*y - 1 + 7. Let k(x) = -2 - 20*x + 10*x + 3*x + 8*x. Determine k(y).
0
Let b(a) = 18*a + 1. Let h(c) = -16*c - 1. Let n(d) = -3*b(d) - 4*h(d). Determine n(1).
11
Let o(f) = 14*f**2 + 11*f + 33. Let r(d) = 5*d**2 + 4*d + 11. Let v(n) = 4*o(n) - 11*r(n). Determine v(0).
11
Suppose 0 = 3*l - 6 + 18. Let y(g) = g + g + 5 - 3 - 3*g. Calculate y(l).
6
Let l(c) = c + 13. Let o be l(-9). Let x(d) = 0 - 7 + 2*d - o*d - 1. Calculate x(-6).
4
Let f(o) = -2*o. Suppose 4 = w + 8. Calculate f(w).
8
Let f = -3 + 5. Let w(o) = 3 + 0*o - f + o. Let z be w(-6). Let k(v) = v**3 + 4*v**2 - 5*v + 3. Give k(z).
3
Let p(j) = -17*j + 1. Let r be p(-1). Suppose -2*b + 7*b + 2*z = -r, -2 = 5*b - 2*z. Let c be (2/4)/(b/(-12)). Let w(n) = n**3 - 2*n**2 - 2*n + 3. What is w(c)?
6
Let s(m) = 8*m**3 - 9*m**3 - 3 - m + 4*m**2 + 2*m**2. Give s(6).
-9
Suppose 56 = 3*b + 4*b. Let o(n) = n**3 - 7*